{"id":34,"date":"2021-03-17T16:38:42","date_gmt":"2021-03-17T15:38:42","guid":{"rendered":"https:\/\/coydon.com\/isabelle\/?page_id=34"},"modified":"2021-04-11T22:21:59","modified_gmt":"2021-04-11T20:21:59","slug":"isabelle-coydon-2","status":"publish","type":"page","link":"https:\/\/coydon.com\/isabelle\/","title":{"rendered":"Bonjour \u00e0 toutes et \u00e0 tous !"},"content":{"rendered":"\n<p><\/p>\n\n\n\n<p class=\"has-text-align-center has-text-color\" style=\"color:#5300a3;font-size:27px\">Professeure de <\/p>\n\n\n\n<p class=\"has-text-align-center has-text-color\" style=\"color:#5300a3;font-size:27px\">Fran\u00e7ais Langue \u00c9trang\u00e8re<\/p>\n\n\n\n<div class=\"wp-block-columns\">\n<div class=\"wp-block-column\" style=\"flex-basis:100%\">\n<div class=\"wp-block-image is-style-rounded\"><figure class=\"aligncenter size-large is-resized\"><img loading=\"lazy\" src=\"https:\/\/coydon.com\/isabelle\/wp-content\/uploads\/2021\/03\/IMG_20210305_200952_975-3-1024x1024.jpg\" alt=\"\" class=\"wp-image-65\" width=\"301\" height=\"301\" srcset=\"https:\/\/coydon.com\/isabelle\/wp-content\/uploads\/2021\/03\/IMG_20210305_200952_975-3-1024x1024.jpg 1024w, https:\/\/coydon.com\/isabelle\/wp-content\/uploads\/2021\/03\/IMG_20210305_200952_975-3-300x300.jpg 300w, https:\/\/coydon.com\/isabelle\/wp-content\/uploads\/2021\/03\/IMG_20210305_200952_975-3-150x150.jpg 150w, https:\/\/coydon.com\/isabelle\/wp-content\/uploads\/2021\/03\/IMG_20210305_200952_975-3-768x768.jpg 768w, https:\/\/coydon.com\/isabelle\/wp-content\/uploads\/2021\/03\/IMG_20210305_200952_975-3-1536x1536.jpg 1536w, https:\/\/coydon.com\/isabelle\/wp-content\/uploads\/2021\/03\/IMG_20210305_200952_975-3-2048x2048.jpg 2048w, https:\/\/coydon.com\/isabelle\/wp-content\/uploads\/2021\/03\/IMG_20210305_200952_975-3-1568x1568.jpg 1568w\" sizes=\"(max-width: 301px) 100vw, 301px\" \/><\/figure><\/div>\n<\/div>\n<\/div>\n\n\n\n<p><\/p>\n\n\n\n<p class=\"has-text-color\" style=\"color:#6b0ee5;font-size:22px\">Vous trouverez ma cha\u00eene YouTube<a href=\"https:\/\/www.youtube.com\/channel\/UCwJAYABef4ybp0SXAWW8eOQ\"> ici<\/a><\/p>\n","protected":false},"excerpt":{"rendered":"<p>Professeure de Fran\u00e7ais Langue \u00c9trang\u00e8re Vous trouverez ma cha\u00eene YouTube ici<\/p>\n","protected":false},"author":1,"featured_media":0,"parent":0,"menu_order":0,"comment_status":"closed","ping_status":"closed","template":"","meta":[],"_links":{"self":[{"href":"https:\/\/coydon.com\/isabelle\/index.php\/wp-json\/wp\/v2\/pages\/34"}],"collection":[{"href":"https:\/\/coydon.com\/isabelle\/index.php\/wp-json\/wp\/v2\/pages"}],"about":[{"href":"https:\/\/coydon.com\/isabelle\/index.php\/wp-json\/wp\/v2\/types\/page"}],"author":[{"embeddable":true,"href":"https:\/\/coydon.com\/isabelle\/index.php\/wp-json\/wp\/v2\/users\/1"}],"replies":[{"embeddable":true,"href":"https:\/\/coydon.com\/isabelle\/index.php\/wp-json\/wp\/v2\/comments?post=34"}],"version-history":[{"count":18,"href":"https:\/\/coydon.com\/isabelle\/index.php\/wp-json\/wp\/v2\/pages\/34\/revisions"}],"predecessor-version":[{"id":150,"href":"https:\/\/coydon.com\/isabelle\/index.php\/wp-json\/wp\/v2\/pages\/34\/revisions\/150"}],"wp:attachment":[{"href":"https:\/\/coydon.com\/isabelle\/index.php\/wp-json\/wp\/v2\/media?parent=34"}],"curies":[{"name":"wp","href":"https:\/\/api.w.org\/{rel}","templated":true}]}}